060 a multiple of 10?
True
Is 9 a factor of 461424371?
False
Is 81523246 a multiple of 15?
False
Is 569395536 a multiple of 103?
True
Does 85 divide 78875435?
False
Is 641 a factor of 175979265?
False
Is 282 a factor of 199130070?
True
Does 92 divide 246477936?
True
Does 119 divide 64624735?
True
Is 1101 a factor of 57258606?
True
Is 19 a factor of 407388690?
True
Is 5964 a factor of 426968724?
True
Is 311283225 a multiple of 495?
True
Is 85 a factor of 32329237?
False
Does 77 divide 1276319968?
True
Is 5 a factor of 362880442?
False
Is 253061962 a multiple of 1058?
True
Is 2127 a factor of 76393286?
False
Does 3274 divide 112376776?
True
Is 1029 a factor of 68973870?
True
Is 1025 a factor of 66130950?
True
Does 9 divide 1838149?
False
Is 343224938 a multiple of 4257?
False
Is 23 a factor of 2225286593?
True
Does 17 divide 44177407?
True
Is 18723555 a multiple of 83?
True
Does 89 divide 84988759?
False
Is 85765853 a multiple of 3048?
False
Is 25 a factor of 1253370817?
False
Is 18 a factor of 124304047?
False
Does 42 divide 67158168?
True
Is 27 a factor of 232825482?
True
Is 208413405 a multiple of 347?
True
Does 43 divide 225368590?
True
Does 20 divide 990811220?
True
Is 15 a factor of 175221570?
True
Is 495261656 a multiple of 230?
False
Is 1010665474 a multiple of 13?
True
Does 45 divide 8548202?
False
Is 42 a factor of 2848398?
True
Does 911 divide 18332197?
False
Does 244 divide 28089213?
False
Is 21275340 a multiple of 20?
True
Does 4906 divide 169158880?
True
Does 5 divide 594134304?
False
Is 860046545 a multiple of 1222?
False
Is 387 a factor of 49544514?
True
Does 1299 divide 18677787?
False
Is 28831727 a multiple of 7?
False
Is 14 a factor of 95856406?
False
Is 2 a factor of 3701677?
False
Does 470 divide 172837801?
False
Is 4196345016 a multiple of 2136?
True
Is 33 a factor of 2307928095?
True
Is 5539106464 a multiple of 2351?
True
Does 81 divide 295157844?
True
Does 743 divide 206350364?
False
Is 8 a factor of 85824688?
True
Is 151580988 a multiple of 13?
True
Is 121995012 a multiple of 12?
True
Is 99013064 a multiple of 20?
False
Is 28 a factor of 2745266?
False
Is 22306720 a multiple of 117?
False
Is 1346348951 a multiple of 37?
False
Is 21790409 a multiple of 552?
False
Is 9 a factor of 96376263?
False
Is 40150038 a multiple of 41?
False
Is 1069664700 a multiple of 3692?
True
Does 54 divide 877621370?
False
Is 88 a factor of 837358629?
False
Is 391 a factor of 38984220?
False
Does 1077 divide 771094925?
False
Does 4959 divide 1365839702?
False
Is 3665015419 a multiple of 35?
False
Is 15 a factor of 4399237?
False
Is 96969084 a multiple of 1908?
False
Is 15048876 a multiple of 34?
True
Is 8 a factor of 2139708480?
True
Is 12833292 a multiple of 18?
False
Is 182577205 a multiple of 58?
False
Does 3 divide 21682020?
True
Is 2674502176 a multiple of 4235?
False
Does 1195 divide 45922655?
True
Does 68 divide 10589844?
True
Is 25 a factor of 1194172425?
True
Does 188 divide 4280535193?
False
Is 205 a factor of 187624815?
True
Is 1260 a factor of 72406962?
False
Is 32187235 a multiple of 32?
False
Is 20648042 a multiple of 18?
False
Does 136 divide 338156683?
False
Does 38 divide 4266710?
False
Is 2482039583 a multiple of 31?
True
Is 1114572 a multiple of 3?
True
Does 146 divide 20642600?
False
Is 142738901 a multiple of 863?
False
Does 7879 divide 1937154577?
True
Does 42 divide 4843398?
True
Is 2544345732 a multiple of 12?
True
Is 2288658 a multiple of 6?
True
Is 29 a factor of 938319795?
True
Is 17 a factor of 332164152?
False
Is 404319117 a multiple of 1476?
False
Is 43895205 a multiple of 45?
True
Is 30717066 a multiple of 4038?
True
Does 78 divide 99302502?
True
Is 21 a factor of 195110812?
False
Is 120 a factor of 611366640?
True
Is 966237489 a multiple of 63?
True
Does 351 divide 86833890?
True
Does 3635 divide 508216620?
True
Is 148 a factor of 298259812?
True
Does 6 divide 822446?
False
Is 448392066 a multiple of 30?
False
Is 7695 a factor of 2930679225?
True
Is 1663237637 a multiple of 6267?
False
Is 33668428 a multiple of 18?
False
Is 98 a factor of 466409653?
False
Is 246 a factor of 35333783?
False
Is 12 a factor of 100749492?
True
Is 18 a factor of 43742898?
True
Is 188189752 a multiple of 1354?
True
Does 4756 divide 124840244?
True
Is 894549040 a multiple of 16?
True
Is 2038 a factor of 139327934?
False
Is 245885610 a multiple of 903?
False
Is 142940632 a multiple of 1038?
False
Is 174 a factor of 673828572?
True
Is 25808684 a multiple of 44?
True
Is 3 a factor of 50135412?
True
Is 45690660 a multiple of 5?
True
Is 37 a factor of 36519777?
True
Does 518 divide 60441532?
False
Is 2260892502 a multiple of 726?
True
Is 2850 a factor of 53981850?
True
Does 221 divide 125251308?
True
Is 1513 a factor of 31102741?
True
Is 3350626 a multiple of 15?
False
Does 229 divide 4407563?
True
Does 15 divide 211165170?
True
Does 405 divide 276789903?
False
Is 227876964 a multiple of 84?
True
Is 109 a factor of 60535663?
False
Is 76 a factor of 647540423?
False
Is 100 a factor of 4022000?
True
Is 5686 a factor of 865426258?
True
Is 8830766 a multiple of 279?
False
Does 37 divide 17686176?
False
Does 6778 divide 1168344194?
True
Is 74 a factor of 6030334?
True
Is 26 a factor of 146537261?
False
Does 87 divide 137882733?
True
Is 869 a factor of 1770695043?
False
Is 24593924 a multiple of 108?
False
Is 323487391 a multiple of 1282?
False
Is 23 a factor of 34402112?
True
Is 5678071698 a multiple of 13?
True
Is 266 a factor of 16549722?
True
Is 14318281 a multiple of 798?
False
Is 406 a factor of 3588467251?
False
Is 26 a factor of 131240876?
True
Does 425 divide 11359400?
True
Does 19 divide 114703285?
True
Is 29193611 a multiple of 579?
False
Does 7 divide 29551137?
True
Does 42 divide 59552043?
False
Does 9 divide 461324844?
True
Is 321271395 a multiple of 167?
False
Is 33 a factor of 91646515?
False
Is 16051130 a multiple of 86?
False
Does 60 divide 494842559?
False
Does 141 divide 747946568?
False
Does 2483 divide 462160790?
True
Is 13 a factor of 76665461?
False
Is 162 a factor of 141009312?
False
Is 133 a factor of 445451316?
False
Is 13555911 a multiple of 10?
False
Is 62 a factor of 716714482?
True
Does 373 divide 256107729?
False
Is 35193972 a multiple of 8?
False
Is 23746142 a multiple of 35?
False
Is 20 a factor of 11387340?
True
Is 152512302 a multiple of 94?
False
Is 3045457847 a multiple of 875?
False
Is 489118050 a multiple of 46?
False
Is 4221709248 a multiple of 138?
True
Is 188467512 a multiple of 18?
False
Does 659 divide 174778532?
False
Does 76 divide 6612532?
True
Is 171 a factor of 285255876?
False
Is 62982135 a multiple of 14?
False
Is 2749 a factor of 497893382?
True
Is 1048908038 a multiple of 837?
False
Does 703 divide 2936966169?
False
Does 27 divide 3533436?
True
Does 548 divide 79896725?
False
Does 1118 divide 2680964?
True
Is 25677891 a multiple of 72?
False
Does 649 divide 47083258?
False
Does 5 divide 83745585?
True
Is 70 a factor of 162510600?
True
Does 53 divide 1441183?
False
Does 8 divide 681292752?
True
Does 319 divide 3654464?
True
Is 239 a factor of 98120972?
True
Does 12532 divide 23384712?
True
Is 27134554 a multiple of 609?
False
Does 77 divide 16714852?
True
Is 1089822281 a multiple of 39?
False
Is 63874 a multiple of 67?
False
Is 14721984 a multiple of 976?
True
Does 618 divide 105619908?
True
Is 22994353 a multiple of 17?
True
Is 2311778 a multiple of 854?
True
Does 2590 divide 698367600?
True
Is 414585840 a multiple of 118?
False
Does 20 divide 3584589?
False
Is 119 a factor of 6064240?
True
Does 10 divide 7302899?
False
Is 572560535 a multiple of 1387?
True
Is 55 a factor of 1673595?
True
Does 279 divide 40995423?
True
Does 1999 divide 974852074?
False
Does 2017 divide 23846991?
True
Does 1228 divide 545358484?
True
Does 26 divide 458607462?
False
Is 2941 a factor of 408675478?
True
Is 166945868 a multiple of 166?
True
Does 390 divide 2118263160?
True
Does 9 divide 193973625?
True
Is 206488 a multiple of 8?
True
Is 104465000 a multiple of 1250?
True
Does 47 divide 1575167510?
False
Is 5526035730 a multiple of 57?
False
Is 2031 a factor of 1640118?
False
Is 1467394902 a multiple of 4?
False
Is 5 a factor of 2859030?
True
Is 636 a factor of 3143573249?
False
Is 485071229 a multiple of 395?
F